 is the hundreds digit of 1317?
3
What is the hundreds digit of 84545?
5
What is the thousands digit of 26733?
6
What is the tens digit of 1610?
1
What is the ten thousands digit of 21677?
2
What is the hundreds digit of 23126?
1
What is the hundreds digit of 54766?
7
What is the hundreds digit of 25327?
3
What is the thousands digit of 5881?
5
What is the hundreds digit of 10053?
0
What is the tens digit of 4522?
2
What is the units digit of 1946?
6
What is the tens digit of 2012?
1
What is the thousands digit of 47518?
7
What is the tens digit of 433?
3
What is the tens digit of 1851?
5
What is the tens digit of 2899?
9
What is the hundreds digit of 172263?
2
What is the hundreds digit of 7350?
3
What is the tens digit of 6173?
7
What is the tens digit of 450?
5
What is the tens digit of 1407?
0
What is the thousands digit of 54711?
4
What is the units digit of 416?
6
What is the hundreds digit of 856?
8
What is the ten thousands digit of 13234?
1
What is the tens digit of 22050?
5
What is the units digit of 72924?
4
What is the thousands digit of 47456?
7
What is the ten thousands digit of 40875?
4
What is the tens digit of 6114?
1
What is the thousands digit of 120851?
0
What is the hundreds digit of 105300?
3
What is the thousands digit of 19557?
9
What is the thousands digit of 1545?
1
What is the hundreds digit of 1155?
1
What is the hundreds digit of 15733?
7
What is the tens digit of 845?
4
What is the tens digit of 94217?
1
What is the hundreds digit of 1320?
3
What is the units digit of 1969?
9
What is the thousands digit of 3508?
3
What is the hundreds digit of 4170?
1
What is the tens digit of 17?
1
What is the hundreds digit of 2344?
3
What is the hundreds digit of 151?
1
What is the units digit of 1651?
1
What is the units digit of 41561?
1
What is the units digit of 437?
7
What is the thousands digit of 2519?
2
What is the thousands digit of 88184?
8
What is the units digit of 1299?
9
What is the hundreds digit of 5829?
8
What is the ten thousands digit of 87429?
8
What is the units digit of 4229?
9
What is the hundreds digit of 10440?
4
What is the thousands digit of 24771?
4
What is the units digit of 82649?
9
What is the tens digit of 499?
9
What is the tens digit of 48854?
5
What is the units digit of 4118?
8
What is the units digit of 84?
4
What is the tens digit of 99?
9
What is the tens digit of 18826?
2
What is the hundreds digit of 119?
1
What is the units digit of 20755?
5
What is the tens digit of 16975?
7
What is the hundreds digit of 840?
8
What is the units digit of 751?
1
What is the tens digit of 1100?
0
What is the units digit of 413?
3
What is the thousands digit of 2704?
2
What is the tens digit of 3132?
3
What is the units digit of 30481?
1
What is the hundreds digit of 821?
8
What is the hundreds digit of 131790?
7
What is the hundreds digit of 561?
5
What is the units digit of 1386?
6
What is the tens digit of 8835?
3
What is the hundreds digit of 5886?
8
What is the units digit of 41766?
6
What is the ten thousands digit of 58050?
5
What is the tens digit of 15203?
0
What is the units digit of 589?
9
What is the thousands digit of 1295?
1
What is the tens digit of 784?
8
What is the tens digit of 3447?
4
What is the units digit of 343?
3
What is the units digit of 7665?
5
What is the tens digit of 726?
2
What is the tens digit of 2153?
5
What is the units digit of 6582?
2
What is the tens digit of 1151?
5
What is the ten thousands digit of 16222?
1
What is the thousands digit of 9001?
9
What is the hundreds digit of 9580?
5
What is the thousands digit of 16195?
6
What is the thousands digit of 13142?
3
What is the thousands digit of 3275?
3
What is the thousands digit of 193638?
3
What is the thousands digit of 2797?
2
What is the units digit of 9683?
3
What is the units digit of 72?
2
What is the hundreds digit of 2808?
8
What is the units digit of 5212?
2
What is the thousands digit of 2935?
2
What is the units digit of 37339?
9
What is the hundreds digit of 26457?
4
What is the thousands digit of 6170?
6
What is the hundreds digit of 11757?
7
What is the units digit of 3438?
8
What is the units digit of 17110?
0
What is the units digit of 711?
1
What is the units digit of 1188?
8
What is the units digit of 59231?
1
What is the hundreds digit of 66621?
6
What is the tens digit of 385?
8
What is the tens digit of 62105?
0
What is the units digit of 942?
2
What is the hundreds digit of 2445?
4
What is the units digit of 6453?
3
What is the tens digit of 943?
4
What is the thousands digit of 1496?
1
What is the thousands digit of 29620?
9
What is the tens digit of 463?
6
What is the hundreds digit of 227?
2
What is the thousands digit of 132658?
2
What is the units digit of 15500?
0
What is the hundreds digit of 321?
3
What is the thousands digit of 3681?
3
What is the tens digit of 87?
8
What is the hundreds digit of 4383?
3
What is the tens digit of 4943?
4
What is the hundreds digit of 14312?
3
What is the tens digit of 65606?
0
What is the hundreds digit of 588?
5
What is the tens digit of 1357?
5
What is the units digit of 5630?
0
What is the hundreds digit of 2464?
4
What is the tens digit of 19664?
6
What is the hundreds digit of 4310?
3
What is the units digit of 4146?
6
What is the hundreds digit of 15708?
7
What is the hundreds digit of 122848?
8
What is the hundreds digit of 1089?
0
What is the thousands digit of 25527?
5
What is the tens digit of 901?
0
What is the ten thousands digit of 29804?
2
What is the tens digit of 1606?
0
What is the tens digit of 32019?
1
What is the thousands digit of 1400?
1
What is the units digit of 2709?
9
What is the thousands digit of 33339?
3
What is the ten thousands digit of 26831?
2
What is the thousands digit of 4967?
4
What is the tens digit of 1627?
2
What is the units digit of 838?
8
What is the thousands digit of 20341?
0
What is the units digit of 66?
6
What is the units digit of 5848?
8
What is the tens digit of 12879?
7
What is the tens digit of 12447?
4
What is the units digit of 1770?
0
What is the ten thousands digit of 47613?
4
What is the thousands digit of 3064?
3
What is the thousands digit of 8952?
8
What is the hundreds digit of 2457?
4
What is the ten thousands digit of 61794?
6
What is the thousands digit of 19789?
9
What is the units digit of 11360?
0
What is the thousands digit of 1777?
1
What is the tens digit of 2171?
7
What is the tens digit of 474?
7
What is the units digit of 1683?
3
What is the hundreds digit of 14148?
1
What is the tens digit of 2016?
1
What is the tens digit of 38156?
5
What is the hundreds digit of 2994?
9
What is the thousands digit of 1219?
1
What is the hundreds digit of 28648?
6
What is the tens digit of 6200?
0
What is the ten thousands digit of 23779?
2
What is the units digit of 19852?
2
What is the ten thousands digit of 60084?
6
What is the hundreds digit of 1859?
8
What is the units digit of 364?
4
What is the units digit of 20414?
4
What is the tens digit of 1153?
5
What is the ten thousands digit of 18159?
1
What is the thousands digit of 2698?
2
What is the tens digit of 62548?
4
What is the units digit of 152780?
0
What is the hundreds digit of 386?
3
What is the hundreds digit of 3276?
2
What is the thousands digit of 64824?
4
What is the tens digit of 179256?
5
What is the hundreds digit of 2329?
3
What is the thousands digit of 1424?
1
What is the hundreds digit of 6208?
2
What is the hundreds digit of 33082?
0
What is the hundreds digit of 5243?
2
What is the hundreds digit of 103672?
6
What is the tens digit of 67774?
7
What is the tens digit of 49939?
3
What is the thousands digit of 5392?
5
What is the thousands digit of 4690?
4
What is the hundreds digit of 2676?
6
What is the thousands digit of 6764?
6
What is the hundreds digit of 302?
3
What is the units digit of 1663?
3
What is the thousands digit of 21124?
1
What is the ten thousands digit of 65462?
6
What is the tens digit of 727?
2
What is the tens digit of 204?
0
What is the ten thousands digit of 15092?
1
What is the thousands digit of 1542?
1
What is the thousands digit of 19675?
9
What is the units digit of 7919?
9
What is the units digit of 5996?
6
What is the hundreds digit of 2085?
0
What is the units digit of 10682?
2
Wh